{"id":12027,"date":"2023-01-10T09:58:55","date_gmt":"2023-01-10T09:58:55","guid":{"rendered":"https:\/\/www.kvke.hu\/?page_id=12027"},"modified":"2025-08-06T10:49:49","modified_gmt":"2025-08-06T10:49:49","slug":"helyi-fejlesztesi-strategia-tervezese-2023-2027","status":"publish","type":"page","link":"https:\/\/www.kvke.hu\/?page_id=12027","title":{"rendered":"Helyi Fejleszt\u00e9si Strat\u00e9gia 2023-2027"},"content":{"rendered":"<p><a href=\"http:\/\/www.kvke.hu\/wp-content\/uploads\/HFS_2023-09-.pdf\">KVKE &#8211; Helyi Fejleszt\u00e9si Strat\u00e9gia (HFS) 2023. szeptember 29.<\/a><\/p>\n<p><a href=\"http:\/\/www.kvke.hu\/wp-content\/uploads\/HFS-jovahagyas-es-HACS-elismeres_20231106.pdf\">HFS j\u00f3v\u00e1hagy\u00e1s \u00e9s HACS elismer\u00e9s 2023. november 6.<\/a><\/p>\n<p><a href=\"http:\/\/www.kvke.hu\/wp-content\/uploads\/HFS-jovahagyas_20231218.pdf\">V\u00e9gleges HFS j\u00f3v\u00e1hagy\u00e1sa 2023. december 18.<\/a><\/p>\n<p>&nbsp;<\/p>\n","protected":false},"excerpt":{"rendered":"<p>KVKE &#8211; Helyi Fejleszt\u00e9si Strat\u00e9gia (HFS) 2023. szeptember 29. HFS j\u00f3v\u00e1hagy\u00e1s \u00e9s HACS elismer\u00e9s 2023. november 6. V\u00e9gleges HFS j\u00f3v\u00e1hagy\u00e1sa 2023. december 18. &nbsp;<\/p>\n","protected":false},"author":1,"featured_media":0,"parent":0,"menu_order":0,"comment_status":"closed","ping_status":"closed","template":"","meta":{"footnotes":""},"class_list":["post-12027","page","type-page","status-publish","hentry"],"_links":{"self":[{"href":"https:\/\/www.kvke.hu\/index.php?rest_route=\/wp\/v2\/pages\/12027","targetHints":{"allow":["GET"]}}],"collection":[{"href":"https:\/\/www.kvke.hu\/index.php?rest_route=\/wp\/v2\/pages"}],"about":[{"href":"https:\/\/www.kvke.hu\/index.php?rest_route=\/wp\/v2\/types\/page"}],"author":[{"embeddable":true,"href":"https:\/\/www.kvke.hu\/index.php?rest_route=\/wp\/v2\/users\/1"}],"replies":[{"embeddable":true,"href":"https:\/\/www.kvke.hu\/index.php?rest_route=%2Fwp%2Fv2%2Fcomments&post=12027"}],"version-history":[{"count":6,"href":"https:\/\/www.kvke.hu\/index.php?rest_route=\/wp\/v2\/pages\/12027\/revisions"}],"predecessor-version":[{"id":12132,"href":"https:\/\/www.kvke.hu\/index.php?rest_route=\/wp\/v2\/pages\/12027\/revisions\/12132"}],"wp:attachment":[{"href":"https:\/\/www.kvke.hu\/index.php?rest_route=%2Fwp%2Fv2%2Fmedia&parent=12027"}],"curies":[{"name":"wp","href":"https:\/\/api.w.org\/{rel}","templated":true}]}}